 - 14 = -6. Let v(d) be the first derivative of -d**3 - d**2 + d - 9. Determine v(m).
-7
Let q(x) be the third derivative of -x**2 - 1/6*x**3 + 0*x - 1/8*x**4 + 0. Let c = 5 + -3. Calculate q(c).
-7
Let x(u) = -5*u**3 - u**2. Suppose -8*c + 5*c = -69. Suppose 0 = i - 5, o - c = -o - 5*i. Give x(o).
4
Suppose -3*t = -2*t - 10. Let j(s) = s - 13. Let k be j(t). Let u be k + -1 + 1 + 0. Let o(p) = -p**3 - 3*p**2 - 2*p - 2. Give o(u).
4
Let g(y) = -y**3 + 4*y**2 - 2*y - 2. Let f = -2 - -4. Calculate g(f).
2
Let t(j) = -3*j - 2. Suppose -3*h - 5*g = -17 + 1, -h = 3*g - 12. What is t(h)?
7
Let r(z) = -4*z**3 + 4*z**2 + z**3 + 3*z + 3 + z**3 + 3*z**3. Give r(-4).
-9
Let k(i) be the first derivative of i**3/3 + 7*i**2/2 + 4*i + 8. What is k(-5)?
-6
Let t(v) = -2*v**2 + 13*v + 15. Let a be t(8). Let c(r) = -r - 9. Give c(a).
0
Let a(m) be the third derivative of -m**6/720 + m**4/24 + 3*m**2. Let r(z) be the second derivative of a(z). What is r(2)?
-2
Let k be 1/((-2)/(-6)) + -5. Let j be ((-8)/(-10))/(k/(-10)). Let x(z) = -z**2 + 6*z - 4. Give x(j).
4
Let d(i) = -i - 6. Suppose 4*z - 14 = 6. Suppose -3*a + 6 = z*y - 0*a, 2*a = 2*y + 4. What is d(y)?
-6
Let m = 14 - 10. Suppose 5*g = 5*j - m - 21, -4*j = -3*g - 17. Let o(k) be the first derivative of -k**3/3 - 3*k**2/2 - 3*k + 1. What is o(g)?
-3
Let f be 5/(15/6)*11. Suppose -2*b = 3*x - f, x - 18 = -0*b + 2*b. Let g(q) = -2*q + 2*q**2 + 1 - q**2 - x*q**2. Calculate g(1).
-10
Suppose -1 - 3 = x. Let q(b) = -b**2 - 7*b - 1. Let a(v) = 2*v**2 + 13*v + 1. Let l(t) = 4*a(t) + 7*q(t). Determine l(x).
1
Suppose 13 = 5*m + l - 23, -3*l = -2*m + 11. Let a(p) = m - p - p - 5. Calculate a(-2).
6
Let r(a) = a**3 + a**2 + 1. Let c = -46 + 51. Let h be (14/4)/(3/(-6)). Let s = h + c. Determine r(s).
-3
Let h(n) be the second derivative of -3*n**4/4 + n**2/2 + 24*n. Calculate h(1).
-8
Let y(z) be the first derivative of 4*z**3/3 - 3*z**2/2 + z - 28. Determine y(3).
28
Let k(i) = i**3 + 7*i**2 + 3*i - 2. Let u = 113 - 119. What is k(u)?
16
Let a(t) = -t**2 + 3*t + 2. Let y(o) be the second derivative of o**4/12 - o**3/3 - o**2 - 4*o. Let u(z) = -2*a(z) - 3*y(z). What is u(-3)?
-7
Suppose -2*t - 2*t - 4 = 0. Let h(v) = 2*v**3 + 2*v**2 + 2*v + 1. Give h(t).
-1
Let s be 1/((-14)/88) - 8/(-28). Let x(m) = m - 8. What is x(s)?
-14
Let x(y) = -2*y**3 + 10*y**2 + 5*y - 9. Let c(t) = t**3 - 5*t**2 - 2*t + 5. Let q(s) = -5*c(s) - 2*x(s). Let a be 1/1*(0 + 7). Let f = 12 - a. Determine q(f).
-7
Let a(c) = -11*c**2 + 15. Let r(q) = 5*q**2 - 7. Let i(l) = 6*a(l) + 13*r(l). What is i(0)?
-1
Let p(q) = -5*q**2 - q**3 - 3*q**2 + q + 5 + q**2 + 3*q**2. Determine p(-4).
1
Let x(z) be the first derivative of -z**4/24 + 7*z**3/6 - 5*z**2/2 + 4. Let m(n) be the second derivative of x(n). Give m(5).
2
Let r(j) = 1 + 4*j + 8*j + 0. Let u(h) = 6*h - 11. Let b be u(5). Let x = 18 - b. What is r(x)?
-11
Let t be (2/(-3))/1 - (-36)/54. Let o(r) = r - 6. Calculate o(t).
-6
Let t(o) = 5*o**2 + 2*o + 3. Let g(b) = 6*b**2 + b + 2. Let z(u) = 4*g(u) - 5*t(u). Let p(y) = 4*y + 3. Let k be p(-2). Determine z(k).
-2
Let h(j) = j - 4. Suppose y + 75 = 6*y. Suppose 5*n = 5*f - y, 29 = 5*f + n + n. Determine h(f).
1
Let j(z) = -z**2 + 3*z. Suppose 4*k = p + 19, -5*p = 4*k + 2 - 3. Give j(k).
-4
Let i(u) be the first derivative of u**2 + u + 42. Suppose 4*b + 32 = -5*f, -4*b - 1 = -4*f - 5. Give i(b).
-5
Let j(b) = -21*b - 2*b**2 - 20*b + 3 + 3*b**2 + 47*b. Let c(q) = -3 + 1 + q - 6. Let t be c(6). Give j(t).
-5
Let c be (-2 - -4)/((-3)/(-6)). Let a(v) = -2*v + 2. What is a(c)?
-6
Let p(q) = q**3 + 7*q**2 - q - 10. Let f be p(-7). Let a = -8 + 16. Let w(g) = -a + g**2 + 4 - 3*g - 2*g**2. Give w(f).
-4
Let x(y) = 2*y**2 + y - 1. Let z = -50 + 48. What is x(z)?
5
Let x(s) = -8*s**2 - 7*s - 2. Let i(v) = 7*v**2 + 6*v + 1. Let z = 21 - 14. Let u(k) = z*i(k) + 6*x(k). Give u(0).
-5
Let y(f) be the second derivative of -f**7/840 + f**6/360 + f**5/40 - f**4/8 + f**3/6 + 4*f. Let k(r) be the second derivative of y(r). Give k(2).
-1
Let w = -1 - -5. Let q(m) = -3*m**2 - 6*m + 6. Let p(i) = 8*i**2 + 18*i - 17. Let g(y) = 4*p(y) + 11*q(y). What is g(w)?
6
Suppose 0 = b - 0 + 1. Let l(n) be the third derivative of 1/120*n**6 + 1/60*n**5 - 3*n**2 + 0*n + 0 - 1/6*n**3 + 0*n**4. What is l(b)?
-1
Let u(p) be the second derivative of p**3/6 + 5*p**2/2 - 8*p. Calculate u(-8).
-3
Let y(d) = 4*d - 4*d**2 - d + 0*d**2 - 5 + 3*d**2. Suppose 0 = -5*f + 3*z - 10, 4*f + 0 - 19 = -3*z. Suppose -s + f = -3. Determine y(s).
-9
Suppose 2*q + 2*z - 14 = 0, 5*z = -4*q - 13 + 43. Let v(g) be the third derivative of -1/6*g**3 + 0 + 3*g**2 + 1/24*g**4 + 0*g. Calculate v(q).
4
Let q(c) = -3*c - 5. Let a(k) = 2*k + 3. Let t(j) = 4*a(j) + 3*q(j). What is t(-4)?
1
Let z(a) = -4*a**2 - 7*a + 14. Let f(h) = h**2 - 1. Let i(p) = -3*f(p) - z(p). Determine i(-9).
7
Let f(g) = 3*g + 5 + 5*g**2 + g + g**3 + 3*g. Let r = 144 + -148. Calculate f(r).
-7
Let q(a) = 2*a + 3. Suppose f + 3*f + 27 = 3*n, -4*n + 4*f + 32 = 0. Suppose 3*o - n = 4*o, -2*c + 43 = -5*o. Let r be -2 - 0*(-3)/c. Determine q(r).
-1
Let o be (1 - 3)*1 - 0. Let a(x) = 2 - x + 1 - 2. Calculate a(o).
3
Let m(x) = -4*x**3 - x**2 + x + 2*x**3 + 3*x + 3. Suppose -k + 2*u = 3*k - 32, 5*k = 4*u + 43. Suppose l - k = t, 20 = -2*t + 3*l + 1. Give m(t).
7
Let t(i) = 38*i**2 - 7*i + 7. Let d(v) = 19*v**2 - 4*v + 4. Let m(g) = 5*d(g) - 3*t(g). Give m(1).
-19
Let w = 25 - 28. Let c(p) = -p**3 - 3*p**2 - 2*p - 4. What is c(w)?
2
Suppose 4*u = -14 + 38. Let w(l) = l**2 - 5*l - 6. What is w(u)?
0
Suppose 0 = -3*g - 15, -g = -c - 0*c - 3. Let j = 4 + c. Let r(k) = k**3 + 4*k**2 - k + 4. Calculate r(j).
8
Let c(g) = 1 - 4*g + 4*g - 3*g. Let b be c(-1). Let r(x) = -4 + 5 - b*x + 3*x. What is r(-4)?
5
Let f(a) = 9*a - 3. Let t be f(2). Let g be (0/t)/((-1)/(-1)). Let k(d) = d - 14. Determine k(g).
-14
Suppose -5 - 5 = -2*u. Let s(b) = 15*b**3 + 4*b**2 - 2*b + 5. Let m(j) = 14*j**3 + 3*j**2 - 2*j + 4. Let o(f) = u*s(f) - 6*m(f). Give o(-1).
10
Suppose -5*n - 4*p - 22 = 20, 2*n + 4*p = -24. Let c be n/27 + (-2)/(-9). Let m(s) = -6 + 11*s + s**2 - s - 12*s + s. Determine m(c).
-6
Let q(d) = d - 5. Let l(y) = 2*y - 10. Let n(p) = -4*l(p) + 9*q(p). Determine n(5).
0
Let p(r) be the second derivative of -r**5/20 + r**4/2 - r**3 + 7*r**2/2 + 2*r. Calculate p(5).
2
Let m(u) = 4*u + 5*u**2 + 6 + 2*u - u**3 - 4 + 1. Determine m(6).
3
Let w be 44/(-6)*21/14. Let n(d) = d + 11. Let m be n(w). Let k(c) = -c + 4. What is k(m)?
4
Let y(g) = 3*g - 29. Let z be y(9). Let a(q) = -q + 1. Calculate a(z).
3
Let t(x) = -2*x - 6. Let l(g) = g**3 - 12*g**2 + 20*g. Let y be l(10). What is t(y)?
-6
Let f = -8 + 8. Let y(l) = -7 + l**2 + l + 1 + 0*l**2. Give y(f).
-6
Let k(q) be the first derivative of q**2/2 + q + 19. Give k(3).
4
Let s(k) = 2*k + 2. Suppose 5*g + 27 = -2*y + 97, -g - 3*y + 14 = 0. Let l = 7 - g. Let f = l - -3. Determine s(f).
-6
Let a be 1/3*-1*-15. Suppose 3*n = -j - 0*j - 8, -a*n = 3*j + 8. Suppose 3*u = j*d + 23, 4*u + 5 + 6 = -3*d. Let w(t) = t**2 - t. Calculate w(u).
0
Let z(q) be the first derivative of -q**4/4 + q**2/2 + 2*q - 28. Give z(-2).
8
Let n be -3 + 1 - (-4 - 0). Let b(d) = -3*d - n*d + 7*d - 3 + 2*d**2. Calculate b(-3).
9
Let m(v) = 8*v + 12. Let x(c) = -62*c - 69. Let g(r) = 21*r + 23. Let n(l) = -17*g(l) - 6*x(l). Let t = -40 + 29. Let i(z) = t*m(z) + 6*n(z). Give i(-5).
-4
Let d(i) = 2*i**2 + 17*i + 7. Let t(o) = -5*o**2 - 49*o - 20. Let m(u) = -8*d(u) - 3*t(u). Determine m(11).
4
Let f(k) = k**3 + k**2 - k. Let s(t) = 5*t**3 + 4*t**2 - 3*t - 3. Let p(w) = -6*f(w) + s(w). Suppose 3*m + 9 = -0. Determine p(m).
-3
Let z(q) = -q - 4. Let s = -2 - -3. Suppose 4*n + g = -18, 0 = -3*n + 2*g - 5*g - 18. Let x = n + s. What is z(x)?
-1
Let g(j) = 13 - 20 + 11 + j + j. Let s = 8 - 11. Determine g(s).
-2
Let y(g) = 0 - 1 - 16*g + 10*g + 7*g. Let v(z) = -z**2 + 6*z + 3. Let q be v(7). What is y(q)?
-5
Let x(c) = -c + 4. Suppose -15 = -14*m + 19*m. Give x(m).
7
Suppose 4*a = 3*a - 4. Let b(o) = o**3 + 4*o**2 + 2*o + 3. Determine b(a).
-5
Let q be 1/(-3)*(8 + -2). Let i(n) = n**2 + 4*n - 1. Give i(q).
-5
Let u(d) = d**2 - 6*d + 2. Let h = 7 - 2. Let w(s) = s**2 - 3*s - 1. Let r be w(h). Suppose 0 = 3*i - r, 3*i + 0*i = o + 3. Give u(o).
2
Let m(h